4 = -d, 0 = 3*b + b - 16. What is the tens digit of d?
7
What is the units digit of (-124*(-2)/8)/((-1)/(-1))?
1
What is the units digit of (-1 - -4)/((-2)/(-26))?
9
Suppose 2*i - 3*j - 57 = 0, 4*i = 2*i - j + 45. What is the tens digit of i?
2
Suppose -48 = -q - 2*z + 77, 508 = 4*q + 4*z. What is the hundreds digit of q?
1
Suppose -7 = -s + 10. What is the tens digit of s?
1
Let z = -5 - -9. Let x be 3/(-6) - 22/z. Let h = -4 - x. What is the units digit of h?
2
Suppose -3*v + 91 = 22. Suppose -23 = -2*u + v. What is the tens digit of u?
2
Suppose -12 = -4*d + 4*f + 352, 3*f - 273 = -3*d. What is the units digit of d?
1
Let c = 38 - -77. Suppose 0 = 3*m + 22 - c. What is the units digit of m?
1
Let u(f) be the third derivative of f**6/60 + f**5/12 + f**3/2 + 2*f**2. Let n be u(-4). What is the units digit of n/(-10)*(3 - 1)?
9
Let u = -8 + 7. What is the units digit of 26/2 + (u - 0)?
2
Suppose 0 = 2*r + 2*d - 10, 0 = -2*r + d + 2 - 1. Suppose 0 = -6*y + r + 28. What is the units digit of y?
5
What is the tens digit of (-4)/(-2) + 276/4?
7
Suppose -45 = -5*f + 30. Let x(a) = a**3 + 6*a**2 + a. Let n be x(-6). Let p = f + n. What is the units digit of p?
9
Let d(c) = -c**3 - 4*c**2 - 2. Let g be ((-4)/10)/(1/5). Let s be d(g). What is the units digit of 2/(-10) - 52/s?
5
Let u be 10/3 - 2/6. Let t be (-2)/(-8) + 1/(-4). Suppose u = b - t. What is the units digit of b?
3
Let l(s) = -s**2 + 7*s - 2. Let m be l(6). What is the units digit of ((-7)/m)/(5/(-20))?
7
Suppose 3*v = 7*v - 608. What is the tens digit of v?
5
Suppose -2*j + 251 = 5*k + j, 5*k = j + 243. What is the tens digit of k?
4
Let j = 99 - 70. Suppose 3*y = -2*k + j, y + 25 = 4*y + k. What is the units digit of y?
7
What is the tens digit of (20/(-8))/(2/(-60))?
7
Suppose 24 = -3*f + 2*f. Let g = -7 - f. Suppose 4*x + 1 = g. What is the units digit of x?
4
Suppose 3*h = 12, 2*v = -h + 268 + 40. What is the hundreds digit of v?
1
Suppose -4*g + 5*p + 11 = 0, 0 = -6*g + 2*g + p - 1. What is the units digit of (9*g)/(-1) + -1?
8
Suppose 43 = -x - 24. Let r = -45 - x. Suppose 0 = -2*t - k, 2*t - 3*t + r = -5*k. What is the units digit of t?
2
Let a = 71 + -41. What is the tens digit of a?
3
Let y(d) = -d**3 + 7*d**2 - d + 13. What is the units digit of y(7)?
6
Let k = 100 + -70. Suppose -3*t + 9 = -k. What is the tens digit of (t/(-2))/(4/(-8))?
1
Let v(x) = x**2 + 2*x - 3. Let g(n) = -n + 1. Let p(k) = 5*g(k) + v(k). What is the units digit of p(4)?
6
Suppose -2*u = -3*y + 1, 0*u = 3*u + y - 4. Let v be (1/2)/((-1)/16). Let b = u - v. What is the units digit of b?
9
Let v be 29/1*1 - 0. Suppose -o - 5*c + v = -13, -71 = -3*o - 4*c. What is the tens digit of o?
1
Let h(z) = -19*z - 9. What is the tens digit of h(-6)?
0
Let v be 1 - (5 + (-12)/(-4)). Let c(q) = -2 + q - 4 - 2*q. What is the units digit of c(v)?
1
Suppose 5*j = -3*o - 1 - 10, 3*j - 5 = 4*o. Let p be ((-8)/o)/(12/18). Let x = 20 - p. What is the units digit of x?
4
Let v(h) = 4*h**3 - 13*h**2 - 4*h + 2. Let k(q) = 5*q**3 - 14*q**2 - 3*q + 1. Let y(b) = -5*k(b) + 6*v(b). What is the tens digit of y(-7)?
2
Suppose 3*o = -p + 26, 5*p + 0*o - 130 = -4*o. What is the units digit of p?
6
Let m(j) = j - 8. Let w be m(6). Let p be (-2 - -1) + (3 - w). What is the units digit of (-12)/(-1) - (p - 2)?
0
Let c = -6 + 6. Suppose -l - l + 24 = c. What is the units digit of l?
2
Let u = 53 - 98. Let z = u + 64. What is the tens digit of z?
1
Suppose 0 = 4*z + h - 10, -3*z - h + 5 = -2. Suppose -2*a - z*a + 20 = 0. Suppose 0 = 3*n - a*n + l + 18, -4*n + 81 = 5*l. What is the units digit of n?
9
Suppose -48 = -r - 6. What is the tens digit of (28/r)/(2/129)?
4
Let n be (-98)/28*4/(-7). Suppose n*w - 25 = w. What is the tens digit of w?
2
Let g(j) = j + 2. Let u be g(4). Let t be (4/u)/((-2)/(-18)). Suppose s = c - 1, c - 4*s = -t*s + 16. What is the units digit of c?
6
Suppose -5*o + 2*o + 39 = 0. Suppose 2*l - 42 = -3*d - o, 20 = -4*l. What is the tens digit of d?
1
Let h be (-2)/4 + 9/2. Suppose -h*b + 12 = -b. What is the units digit of b?
4
Let g be (3/6)/((-2)/(-48)). Let t be (-3)/g - (-50)/8. What is the units digit of (-3)/(-2) - (-15)/t?
4
Suppose 0 = 5*x - 2*x - 6. Let q(u) = u**2 - 3*u + 3. Let o be q(x). What is the tens digit of -2 - o/((-1)/16)?
1
Let x(r) = -r. Let y be x(-3). Suppose -2*v - 6 = 4*i, 3*i + v - 2*v = 8. Suppose i = y*u - 29. What is the tens digit of u?
1
Let p(t) = 5*t**2 + 15*t - 2. What is the tens digit of p(3)?
8
Let s(p) = -p. Let d(w) = 5*w - 1. Let t(y) = d(y) + 2*s(y). Let h be t(1). What is the tens digit of 1*(h + -1)*10?
1
What is the units digit of (-3)/6*-10 - -2?
7
Suppose 3*f - 28 = -f. Let l = 12 - f. Suppose -2*v = -0*c - l*c - 7, v - 5*c = 6. What is the units digit of v?
1
Suppose t - 9 = -2*t. Let b be ((-4)/t)/(12/54). What is the units digit of (-1)/b*3*24?
2
Suppose 3*x + 4 = 2*u + 137, -x + 5*u + 66 = 0. Suppose -2*z = -4*z - 5*l + x, -12 = -4*l. What is the units digit of z?
3
Let l(o) = 14*o + 24. What is the hundreds digit of l(9)?
1
Let y = 145 + 13. What is the units digit of y?
8
Let u = 14 + -23. Let p = u - -38. What is the units digit of p?
9
Suppose -224 = -13*u + 5*u. What is the tens digit of u?
2
Let l = -9 + 6. What is the units digit of (4 + l)*(-1 + 10)?
9
Let j(l) = -l**2 + 1. Let h be j(1). Let q be (-16)/(-5 - (2 + -5)). Suppose -x + h*x + 8 = m, 4*x = -q. What is the tens digit of m?
1
What is the units digit of (-182)/(-9) - (-6)/(-27)?
0
Suppose -4*t + 114 = -2*t. What is the units digit of t?
7
Let z = -253 + 423. What is the tens digit of z?
7
Let t be 1*(-3 - -3)/2. Suppose n = -t*m - 4*m + 83, 2*m + 5*n = 37. What is the tens digit of m?
2
Suppose 2*q + 2*m = -q + 18, 0 = -4*q + 2*m + 10. What is the units digit of ((-2)/q)/(6/(-60))?
5
Suppose 3*i = 0, -m + 4*i = -177 + 25. What is the units digit of m?
2
Suppose -4*d + 9*d - 75 = 0. Suppose -t = 2*t - d. Suppose t*r = -2*f - 4, 5*f + r - 10 = 3. What is the units digit of f?
3
Let g = 6 - 4. Let p be 10/(-4)*(-4)/5. Suppose t = -4*s + 2, p*t = -g*s - 1 + 5. What is the units digit of t?
2
Let q = -31 - -83. What is the units digit of q?
2
Suppose 5*n - 2*g + 4 = 33, 0 = 4*g + 8. What is the units digit of n?
5
Let q = -1 + -3. What is the units digit of q/(-10) + 156/10?
6
Suppose -5*t + 3*c - 35 = 4*c, 5*t - 2*c + 20 = 0. Let w = 15 + t. Let v = 5 + w. What is the tens digit of v?
1
Let c(d) = 23*d**3 + d - 2. What is the hundreds digit of c(2)?
1
Let j = 4 + 0. Suppose 0 = j*n + p - 41, -3*n + 0*n + p + 22 = 0. What is the units digit of n?
9
Let u be 21/(-14)*10/(-3). Suppose -4*p = u*q + 4, 5*p + q + 38 = 3*q. What is the units digit of 27*(-3)/(27/p)?
8
Suppose -3*a + q = -148 - 69, -2*a + 3*q + 140 = 0. What is the tens digit of a?
7
Suppose -4*p = s - 23, 11 = 2*s - 5*s + 4*p. Let w = 2 - 1. Suppose 5*v - s*j = 14, 5*j = 4*v - 5 - w. What is the units digit of v?
4
Suppose 3*y - 2*p - 4 = -0*y, 2*p - 24 = -4*y. Let g(h) = h**3 - 4*h**2 + h + 9. What is the tens digit of g(y)?
1
What is the tens digit of 1*(-3 - -44) + -2?
3
What is the tens digit of -4 - (-156)/(-2 - -4)?
7
Suppose 20 = -4*u, 0*f - 154 = -3*f + 5*u. What is the tens digit of f?
4
Let l = -12 + 18. Suppose w - 3*p + 13 = 0, -w + 7 = p - 0. Let y = w + l. What is the units digit of y?
8
Let t = -64 + 31. What is the tens digit of (-1 - (-1 - -1))*t?
3
Let l(o) = -4*o + 2. Let v be l(-2). Suppose -p + w + v = -3, 7 = p + 2*w. What is the units digit of p?
1
Suppose 4*p + 2*c + 482 = 0, -c = -p - 44 - 72. Let f = -83 - p. What is the tens digit of f?
3
Suppose 0 = -c + 65 + 13. What is the units digit of c?
8
Let o(p) be the third derivative of -p**5/60 + 3*p**4/8 - p**3/3 - p**2. What is the units digit of o(7)?
2
Suppose 0*r = 2*r - 5*q - 566, 0 = -3*r - 5*q + 849. What is the tens digit of r?
8
Suppose -2*m = 1 + 1, 5*m = 5*b - 620. What is the hundreds digit of b?
1
Let n be (-4)/(-4) + 0 + 1. Suppose 0 = a - n*h - 5, -a + h + 1 = -2*a. What is the units digit of a?
1
Let i(y) = 18*y**2 + 5*y + 15. What is the tens digit of i(-3)?
6
Let a(b) = -2*b - 7. Let h be a(-6). Suppose 2*x - 5 = h. What is the units digit of x?
5
What is the tens digit of (-7)/(-28) + (-110)/(-8)?
1
Suppose 1 = 3*r - 8. Let s(k) = 3 + 6*k + 2*k**2 - 8